{"id":552,"date":"2015-09-03T14:36:47","date_gmt":"2015-09-03T13:36:47","guid":{"rendered":"http:\/\/www.holokrci.cz\/?page_id=552"},"modified":"2015-09-03T14:41:54","modified_gmt":"2015-09-03T13:41:54","slug":"cd","status":"publish","type":"page","link":"https:\/\/www.holokrci.cz\/?page_id=552","title":{"rendered":"CD"},"content":{"rendered":"<p style=\"text-align: center;\"><span style=\"color: #000000;\">Na\u0161e nov\u00e9 CD je ji\u017e k dispozici<\/span><\/p>\n<p style=\"text-align: center;\"><span style=\"color: #000000;\">Uk\u00e1zky z alba naleznete v sekci <span style=\"color: #ff0000;\"><strong><a style=\"color: #ff0000;\" href=\"http:\/\/www.holokrci.cz\/?page_id=370\">Audio<\/a><\/strong><\/span><\/span><\/p>\n<p style=\"text-align: center;\"><a href=\"http:\/\/www.holokrci.cz\/wp-content\/uploads\/2015\/08\/cdcover.jpg\"><img loading=\"lazy\" decoding=\"async\" class=\"size-large wp-image-549 alignnone\" src=\"http:\/\/www.holokrci.cz\/wp-content\/uploads\/2015\/08\/cdcover-1024x786.jpg\" alt=\"cdcover\" width=\"474\" height=\"364\" srcset=\"https:\/\/www.holokrci.cz\/wp-content\/uploads\/2015\/08\/cdcover-1024x786.jpg 1024w, https:\/\/www.holokrci.cz\/wp-content\/uploads\/2015\/08\/cdcover-300x230.jpg 300w, https:\/\/www.holokrci.cz\/wp-content\/uploads\/2015\/08\/cdcover.jpg 1854w\" sizes=\"auto, (max-width: 474px) 100vw, 474px\" \/><\/a><\/p>\n<p style=\"text-align: center;\">CD m\u016f\u017eete zakoupit na na\u0161ich vystoupen\u00edch, p\u0159\u00edpadn\u011b V\u00e1m jej r\u00e1di za\u0161leme.<br \/>\nCena CD je 150k\u010d, cena v\u010d. po\u0161tovn\u00e9ho je 199k\u010d.<br \/>\nObjedn\u00e1vejte na na \u0161em emailu viz. <a href=\"http:\/\/www.holokrci.cz\/?page_id=439\">kontakty<\/a><\/p>\n","protected":false},"excerpt":{"rendered":"<p>Na\u0161e nov\u00e9 CD je ji\u017e k dispozici Uk\u00e1zky z alba naleznete v sekci Audio CD m\u016f\u017eete zakoupit na na\u0161ich vystoupen\u00edch, p\u0159\u00edpadn\u011b V\u00e1m jej r\u00e1di za\u0161leme. Cena CD je 150k\u010d, cena v\u010d. po\u0161tovn\u00e9ho je 199k\u010d. Objedn\u00e1vejte na na \u0161em emailu viz. kontakty<\/p>\n","protected":false},"author":4,"featured_media":0,"parent":0,"menu_order":1,"comment_status":"closed","ping_status":"closed","template":"","meta":{"footnotes":""},"class_list":["post-552","page","type-page","status-publish","hentry"],"_links":{"self":[{"href":"https:\/\/www.holokrci.cz\/index.php?rest_route=\/wp\/v2\/pages\/552","targetHints":{"allow":["GET"]}}],"collection":[{"href":"https:\/\/www.holokrci.cz\/index.php?rest_route=\/wp\/v2\/pages"}],"about":[{"href":"https:\/\/www.holokrci.cz\/index.php?rest_route=\/wp\/v2\/types\/page"}],"author":[{"embeddable":true,"href":"https:\/\/www.holokrci.cz\/index.php?rest_route=\/wp\/v2\/users\/4"}],"replies":[{"embeddable":true,"href":"https:\/\/www.holokrci.cz\/index.php?rest_route=%2Fwp%2Fv2%2Fcomments&post=552"}],"version-history":[{"count":5,"href":"https:\/\/www.holokrci.cz\/index.php?rest_route=\/wp\/v2\/pages\/552\/revisions"}],"predecessor-version":[{"id":557,"href":"https:\/\/www.holokrci.cz\/index.php?rest_route=\/wp\/v2\/pages\/552\/revisions\/557"}],"wp:attachment":[{"href":"https:\/\/www.holokrci.cz\/index.php?rest_route=%2Fwp%2Fv2%2Fmedia&parent=552"}],"curies":[{"name":"wp","href":"https:\/\/api.w.org\/{rel}","templated":true}]}}