{"id":366,"date":"2015-03-16T11:05:22","date_gmt":"2015-03-16T10:05:22","guid":{"rendered":"http:\/\/96378.w78.wedos.ws\/domains\/holokrci.cz\/?page_id=366"},"modified":"2025-12-14T11:59:54","modified_gmt":"2025-12-14T10:59:54","slug":"o-nas","status":"publish","type":"page","link":"https:\/\/www.holokrci.cz\/","title":{"rendered":"Holokrci"},"content":{"rendered":"<p>Kapela Holokrci \u00fasp\u011b\u0161n\u011b p\u016fsob\u00ed na klubov\u00e9 sc\u00e9n\u011b u\u017e dvac\u00e1t\u00fdm rokem.Rekrutovala se ze zku\u0161en\u00fdch muzikant\u016f z r\u016fzn\u00fdch kapel. Od Countrymixu, p\u0159es Harcovn\u00edky a\u017e po Divok\u00e9ho Billa.<\/p>\n<p>D\u00edky tomu na jejich vystoupen\u00edch m\u016f\u017eete zaslechnout jak pop,rock, bluegrass,folk tak i \u010deskou klasickou country . Na jejich vystoupen\u00ed se rozhodn\u011b nudit nebudete, je to opravdu vesel\u00e1 parti\u010dka. Tomu napov\u00edd\u00e1 i to, \u017ee s nimi velmi r\u00e1d vystupuje jako \u010dast\u00fd host, \u010dlen Banjo Bandu Ivana Ml\u00e1dka, komik a herec Milan Pitkin<\/p>\n<p>Skupina Holokrci nab\u00edz\u00ed n\u011bkolik mo\u017en\u00fdch variant vystoupen\u00ed, nap\u0159\u00edklad hran\u00ed v klubech, vystoupen\u00ed na oslav\u00e1ch, soukrom\u00fdch akc\u00edch, firemn\u00edch ve\u010d\u00edrc\u00edch, m\u011bstsk\u00fdch slavnostech, atd.<\/p>\n<p>V p\u0159\u00edpad\u011b pot\u0159eb nebo z\u00e1jmu po\u0159adatele, je mo\u017eno zajistit vystoupen\u00ed s kompletn\u00edm profesion\u00e1ln\u00edm ozvu\u010den\u00edm a sv\u011bteln\u00fdmi efekty.<\/p>\n<p><b>Skupina vystupuje v tomto slo\u017een\u00ed: <\/b><\/p>\n<p>Marian Kadlec \u2013 kytara zp\u011bv<\/p>\n<p>Vladim\u00edr Vlk \u2013 foukac\u00ed harmonika<\/p>\n<p>Tom\u00e1\u0161 Ka\u0148ka \u2013 baskytara zp\u011bv<\/p>\n<p>Honza Jack B\u00e1rtl \u2013 banjo<\/p>\n<p>Jirka Voln\u00fd-elektrick\u00e1 kytara,banjo<\/p>\n<p>Marek Jiro\u0161-bic\u00ed cajon perkuse<\/p>\n<p>Pavel Mart\u00ednek -Bic\u00ed<\/p>\n<p>Milan Pitkin-zp\u011bv-nehrajic\u00ed kapit\u00e1n\u00a0<\/p>\n<p>Host\u00e9 kte\u0159\u00ed s n\u00e1mi ob\u010das vystupuj\u00ed:,Milan Pitkin, Vladim\u00edr \u0160ev\u010d\u00edk,Petr Vo\u0161ta,Radek Novotn\u00fd,Ondra Jukl, Marek \u017de\u017eulka, Wom\u00e1k, Tom\u00e1\u0161 Linka, Vladim\u00edr Vodeni\u010darov,. I jim pat\u0159\u00ed d\u00edk \u017ee n\u00e1m zachovali p\u0159\u00edze\u0148 a ob\u010das si s n\u00e1mi brnknou.<\/p>\n<h2><b>Kontakty:<\/b><\/h2>\n<p><b>tel.739770843<\/b><br \/><a href=\"mailto:holokrci@seznam.cz\">holokrci@seznam.cz<\/a><\/p>\n\n\n<figure class=\"wp-block-image size-large\"><a href=\"https:\/\/www.holokrci.cz\/wp-content\/uploads\/2024\/11\/1000015539.webp\"><img loading=\"lazy\" decoding=\"async\" width=\"1024\" height=\"682\" src=\"https:\/\/www.holokrci.cz\/wp-content\/uploads\/2024\/11\/1000015539-1024x682.webp\" alt=\"\" class=\"wp-image-1027\" srcset=\"https:\/\/www.holokrci.cz\/wp-content\/uploads\/2024\/11\/1000015539-1024x682.webp 1024w, https:\/\/www.holokrci.cz\/wp-content\/uploads\/2024\/11\/1000015539-300x200.webp 300w, https:\/\/www.holokrci.cz\/wp-content\/uploads\/2024\/11\/1000015539-768x512.webp 768w, https:\/\/www.holokrci.cz\/wp-content\/uploads\/2024\/11\/1000015539-1536x1023.webp 1536w, https:\/\/www.holokrci.cz\/wp-content\/uploads\/2024\/11\/1000015539.webp 1720w\" sizes=\"auto, (max-width: 1024px) 100vw, 1024px\" \/><\/a><\/figure>\n\n\n\n<p><\/p>\n\n\n\n<figure class=\"wp-block-image size-large\"><a href=\"https:\/\/www.holokrci.cz\/wp-content\/uploads\/2024\/11\/1000016240-scaled.jpg\"><img loading=\"lazy\" decoding=\"async\" width=\"1024\" height=\"683\" src=\"https:\/\/www.holokrci.cz\/wp-content\/uploads\/2024\/11\/1000016240-1024x683.jpg\" alt=\"\" class=\"wp-image-1028\" srcset=\"https:\/\/www.holokrci.cz\/wp-content\/uploads\/2024\/11\/1000016240-1024x683.jpg 1024w, https:\/\/www.holokrci.cz\/wp-content\/uploads\/2024\/11\/1000016240-300x200.jpg 300w, https:\/\/www.holokrci.cz\/wp-content\/uploads\/2024\/11\/1000016240-768x512.jpg 768w, https:\/\/www.holokrci.cz\/wp-content\/uploads\/2024\/11\/1000016240-1536x1024.jpg 1536w, https:\/\/www.holokrci.cz\/wp-content\/uploads\/2024\/11\/1000016240-2048x1365.jpg 2048w\" sizes=\"auto, (max-width: 1024px) 100vw, 1024px\" \/><\/a><\/figure>\n\n\n\n<figure class=\"wp-block-image size-full\"><a href=\"https:\/\/www.holokrci.cz\/wp-content\/uploads\/2024\/11\/1000003009.jpg\"><img loading=\"lazy\" decoding=\"async\" width=\"1000\" height=\"520\" src=\"https:\/\/www.holokrci.cz\/wp-content\/uploads\/2024\/11\/1000003009.jpg\" alt=\"\" class=\"wp-image-1029\" srcset=\"https:\/\/www.holokrci.cz\/wp-content\/uploads\/2024\/11\/1000003009.jpg 1000w, https:\/\/www.holokrci.cz\/wp-content\/uploads\/2024\/11\/1000003009-300x156.jpg 300w, https:\/\/www.holokrci.cz\/wp-content\/uploads\/2024\/11\/1000003009-768x399.jpg 768w\" sizes=\"auto, (max-width: 1000px) 100vw, 1000px\" \/><\/a><\/figure>\n\n\n\n<figure class=\"wp-block-image\"><img loading=\"lazy\" decoding=\"async\" width=\"1260\" height=\"238\" src=\"https:\/\/www.holokrci.cz\/wp-content\/uploads\/2025\/12\/cropped-Obrazek-WhatsApp-2025-10-31-v-09.58.48_33540f10.jpg\" alt=\"\" class=\"wp-image-1115\" srcset=\"https:\/\/www.holokrci.cz\/wp-content\/uploads\/2025\/12\/cropped-Obrazek-WhatsApp-2025-10-31-v-09.58.48_33540f10.jpg 1260w, https:\/\/www.holokrci.cz\/wp-content\/uploads\/2025\/12\/cropped-Obrazek-WhatsApp-2025-10-31-v-09.58.48_33540f10-300x57.jpg 300w, https:\/\/www.holokrci.cz\/wp-content\/uploads\/2025\/12\/cropped-Obrazek-WhatsApp-2025-10-31-v-09.58.48_33540f10-1024x193.jpg 1024w, https:\/\/www.holokrci.cz\/wp-content\/uploads\/2025\/12\/cropped-Obrazek-WhatsApp-2025-10-31-v-09.58.48_33540f10-768x145.jpg 768w\" sizes=\"auto, (max-width: 1260px) 100vw, 1260px\" \/><\/figure>\n\n\n\n<figure class=\"wp-block-image\"><img loading=\"lazy\" decoding=\"async\" width=\"1260\" height=\"238\" src=\"https:\/\/www.holokrci.cz\/wp-content\/uploads\/2025\/12\/cropped-Obrazek-WhatsApp-2025-10-31-v-09.58.48_33540f10.jpg\" alt=\"\" class=\"wp-image-1115\" srcset=\"https:\/\/www.holokrci.cz\/wp-content\/uploads\/2025\/12\/cropped-Obrazek-WhatsApp-2025-10-31-v-09.58.48_33540f10.jpg 1260w, https:\/\/www.holokrci.cz\/wp-content\/uploads\/2025\/12\/cropped-Obrazek-WhatsApp-2025-10-31-v-09.58.48_33540f10-300x57.jpg 300w, https:\/\/www.holokrci.cz\/wp-content\/uploads\/2025\/12\/cropped-Obrazek-WhatsApp-2025-10-31-v-09.58.48_33540f10-1024x193.jpg 1024w, https:\/\/www.holokrci.cz\/wp-content\/uploads\/2025\/12\/cropped-Obrazek-WhatsApp-2025-10-31-v-09.58.48_33540f10-768x145.jpg 768w\" sizes=\"auto, (max-width: 1260px) 100vw, 1260px\" \/><\/figure>\n\n\n\n<figure class=\"wp-block-image\"><img loading=\"lazy\" decoding=\"async\" width=\"8256\" height=\"5504\" src=\"https:\/\/www.holokrci.cz\/wp-content\/uploads\/2025\/12\/DSC0719.jpg\" alt=\"\" class=\"wp-image-1120\" srcset=\"https:\/\/www.holokrci.cz\/wp-content\/uploads\/2025\/12\/DSC0719.jpg 8256w, https:\/\/www.holokrci.cz\/wp-content\/uploads\/2025\/12\/DSC0719-300x200.jpg 300w, https:\/\/www.holokrci.cz\/wp-content\/uploads\/2025\/12\/DSC0719-1024x683.jpg 1024w, https:\/\/www.holokrci.cz\/wp-content\/uploads\/2025\/12\/DSC0719-768x512.jpg 768w, https:\/\/www.holokrci.cz\/wp-content\/uploads\/2025\/12\/DSC0719-1536x1024.jpg 1536w\" sizes=\"auto, (max-width: 8256px) 100vw, 8256px\" \/><\/figure>\n\n\n\n<figure class=\"wp-block-image\"><img loading=\"lazy\" decoding=\"async\" width=\"8256\" height=\"5504\" src=\"https:\/\/www.holokrci.cz\/wp-content\/uploads\/2025\/12\/DSC0719.jpg\" alt=\"\" class=\"wp-image-1120\" srcset=\"https:\/\/www.holokrci.cz\/wp-content\/uploads\/2025\/12\/DSC0719.jpg 8256w, https:\/\/www.holokrci.cz\/wp-content\/uploads\/2025\/12\/DSC0719-300x200.jpg 300w, https:\/\/www.holokrci.cz\/wp-content\/uploads\/2025\/12\/DSC0719-1024x683.jpg 1024w, https:\/\/www.holokrci.cz\/wp-content\/uploads\/2025\/12\/DSC0719-768x512.jpg 768w, https:\/\/www.holokrci.cz\/wp-content\/uploads\/2025\/12\/DSC0719-1536x1024.jpg 1536w\" sizes=\"auto, (max-width: 8256px) 100vw, 8256px\" \/><\/figure>\n\n\n\n<figure class=\"wp-block-image\"><img loading=\"lazy\" decoding=\"async\" width=\"1600\" height=\"1066\" src=\"https:\/\/www.holokrci.cz\/wp-content\/uploads\/2025\/12\/Obrazek-WhatsApp-2025-10-31-v-09.58.45_dde451f8.jpg\" alt=\"\" class=\"wp-image-1108\" srcset=\"https:\/\/www.holokrci.cz\/wp-content\/uploads\/2025\/12\/Obrazek-WhatsApp-2025-10-31-v-09.58.45_dde451f8.jpg 1600w, https:\/\/www.holokrci.cz\/wp-content\/uploads\/2025\/12\/Obrazek-WhatsApp-2025-10-31-v-09.58.45_dde451f8-300x200.jpg 300w, https:\/\/www.holokrci.cz\/wp-content\/uploads\/2025\/12\/Obrazek-WhatsApp-2025-10-31-v-09.58.45_dde451f8-1024x682.jpg 1024w, https:\/\/www.holokrci.cz\/wp-content\/uploads\/2025\/12\/Obrazek-WhatsApp-2025-10-31-v-09.58.45_dde451f8-768x512.jpg 768w, https:\/\/www.holokrci.cz\/wp-content\/uploads\/2025\/12\/Obrazek-WhatsApp-2025-10-31-v-09.58.45_dde451f8-1536x1023.jpg 1536w\" sizes=\"auto, (max-width: 1600px) 100vw, 1600px\" \/><\/figure>\n","protected":false},"excerpt":{"rendered":"<p>Kapela Holokrci \u00fasp\u011b\u0161n\u011b p\u016fsob\u00ed na klubov\u00e9 sc\u00e9n\u011b u\u017e dvac\u00e1t\u00fdm rokem.Rekrutovala se ze zku\u0161en\u00fdch muzikant\u016f z r\u016fzn\u00fdch kapel. Od Countrymixu, p\u0159es Harcovn\u00edky a\u017e po Divok\u00e9ho Billa. D\u00edky tomu na jejich vystoupen\u00edch m\u016f\u017eete zaslechnout jak pop,rock, bluegrass,folk tak i \u010deskou klasickou country . Na jejich vystoupen\u00ed se rozhodn\u011b nudit nebudete, je to opravdu vesel\u00e1 parti\u010dka. Tomu napov\u00edd\u00e1 &hellip; <a href=\"https:\/\/www.holokrci.cz\/\" class=\"more-link\">Pokra\u010dov\u00e1n\u00ed textu <span class=\"screen-reader-text\">Holokrci<\/span> <span class=\"meta-nav\">&rarr;<\/span><\/a><\/p>\n","protected":false},"author":4,"featured_media":0,"parent":0,"menu_order":0,"comment_status":"closed","ping_status":"closed","template":"","meta":{"footnotes":""},"class_list":["post-366","page","type-page","status-publish","hentry"],"_links":{"self":[{"href":"https:\/\/www.holokrci.cz\/index.php?rest_route=\/wp\/v2\/pages\/366","targetHints":{"allow":["GET"]}}],"collection":[{"href":"https:\/\/www.holokrci.cz\/index.php?rest_route=\/wp\/v2\/pages"}],"about":[{"href":"https:\/\/www.holokrci.cz\/index.php?rest_route=\/wp\/v2\/types\/page"}],"author":[{"embeddable":true,"href":"https:\/\/www.holokrci.cz\/index.php?rest_route=\/wp\/v2\/users\/4"}],"replies":[{"embeddable":true,"href":"https:\/\/www.holokrci.cz\/index.php?rest_route=%2Fwp%2Fv2%2Fcomments&post=366"}],"version-history":[{"count":42,"href":"https:\/\/www.holokrci.cz\/index.php?rest_route=\/wp\/v2\/pages\/366\/revisions"}],"predecessor-version":[{"id":1123,"href":"https:\/\/www.holokrci.cz\/index.php?rest_route=\/wp\/v2\/pages\/366\/revisions\/1123"}],"wp:attachment":[{"href":"https:\/\/www.holokrci.cz\/index.php?rest_route=%2Fwp%2Fv2%2Fmedia&parent=366"}],"curies":[{"name":"wp","href":"https:\/\/api.w.org\/{rel}","templated":true}]}}